{"id":37,"date":"2017-07-30T18:15:11","date_gmt":"2017-07-30T16:15:11","guid":{"rendered":"https:\/\/www.futbolclubs.es\/cdjorgejuan\/?page_id=37"},"modified":"2022-06-19T11:50:20","modified_gmt":"2022-06-19T09:50:20","slug":"documents","status":"publish","type":"page","link":"https:\/\/www.futbolclubs.es\/cdjorgejuan\/documents\/","title":{"rendered":"Inscripci\u00f3n"},"content":{"rendered":"<h1 style=\"text-align: center\"><strong>Si quieres informaci\u00f3n sobre la inscripci\u00f3n haz tu consulta a trav\u00e9s de <\/strong><\/h1>\n<h1 style=\"text-align: center\"><strong>\u00a0nuestro e-mail en<\/strong><\/h1>\n<h1 style=\"text-align: center\"><strong>\u00a0<\/strong><strong><span style=\"color: #ff0000\">cdjorgejuan@gmail.com\u00a0<\/span><\/strong><\/h1>\n<h2 style=\"text-align: center\"><\/h2>\n","protected":false},"excerpt":{"rendered":"<p>Si quieres informaci\u00f3n sobre la inscripci\u00f3n haz tu consulta a trav\u00e9s de \u00a0nuestro e-mail en \u00a0cdjorgejuan@gmail.com\u00a0<\/p>\n","protected":false},"author":31,"featured_media":0,"parent":0,"menu_order":0,"comment_status":"closed","ping_status":"closed","template":"page-templates\/page-documents.php","meta":{"footnotes":""},"class_list":["post-37","page","type-page","status-publish","hentry"],"_links":{"self":[{"href":"https:\/\/www.futbolclubs.es\/cdjorgejuan\/wp-json\/wp\/v2\/pages\/37","targetHints":{"allow":["GET"]}}],"collection":[{"href":"https:\/\/www.futbolclubs.es\/cdjorgejuan\/wp-json\/wp\/v2\/pages"}],"about":[{"href":"https:\/\/www.futbolclubs.es\/cdjorgejuan\/wp-json\/wp\/v2\/types\/page"}],"author":[{"embeddable":true,"href":"https:\/\/www.futbolclubs.es\/cdjorgejuan\/wp-json\/wp\/v2\/users\/31"}],"replies":[{"embeddable":true,"href":"https:\/\/www.futbolclubs.es\/cdjorgejuan\/wp-json\/wp\/v2\/comments?post=37"}],"version-history":[{"count":32,"href":"https:\/\/www.futbolclubs.es\/cdjorgejuan\/wp-json\/wp\/v2\/pages\/37\/revisions"}],"predecessor-version":[{"id":745,"href":"https:\/\/www.futbolclubs.es\/cdjorgejuan\/wp-json\/wp\/v2\/pages\/37\/revisions\/745"}],"wp:attachment":[{"href":"https:\/\/www.futbolclubs.es\/cdjorgejuan\/wp-json\/wp\/v2\/media?parent=37"}],"curies":[{"name":"wp","href":"https:\/\/api.w.org\/{rel}","templated":true}]}}