{"id":29,"date":"2017-12-30T04:56:56","date_gmt":"2017-12-30T02:56:56","guid":{"rendered":"https:\/\/www.futbolclubs.es\/clubdeportivojbo\/?page_id=29"},"modified":"2017-12-31T06:02:57","modified_gmt":"2017-12-31T04:02:57","slug":"the-club-2","status":"publish","type":"page","link":"https:\/\/www.futbolclubs.es\/clubdeportivojbo\/the-club-2\/","title":{"rendered":"EQUIPO IDEAL DICIEMBRE"},"content":{"rendered":"<p><strong>FELICITACIONES!<\/strong><\/p>\n<p>Son elegidos entre todo el Club como los jugadores de m\u00e1s regularidad dentro de la cancha adem\u00e1s de los valores que promulgan fuera de ella. Jugadores que demostraron en este mes porque el F\u00fatbol es \u00abun estilo de vida\u00bb.<\/p>\n<p>No es facil elegir el 11. Es un reconocimiento para los jugadores\u00a0 que ingresaron en esta ocasi\u00f3n y motivaci\u00f3n para el resto de la plantilla para que se esfuercen a\u00fan m\u00e1s.<\/p>\n<p><strong>Portero:<\/strong><\/p>\n<p><em>Brayan Palacios<\/em> &#8211; Sub 21<\/p>\n<p><strong>Defensas: <\/strong><\/p>\n<p><em>Anderson Olaya<\/em> &#8211; Sub 20<\/p>\n<p><em>Jeisson Rodriguez<\/em> &#8211; Sub 16<\/p>\n<p><em>Michael Guerrero<\/em> &#8211; Sub 18<\/p>\n<p><em>Bryam Parra<\/em> &#8211; Sub 20<\/p>\n<p><strong>Volantes:<\/strong><\/p>\n<p><em>Sebasti\u00e1n Forero<\/em> &#8211; Sub 20<\/p>\n<p><em>Felipe Villalba &#8211; Sub 18\u00a0<\/em><\/p>\n<p><em>Jeison Vargas<\/em> &#8211; Sub 18<\/p>\n<p><em>Nicolas Ninco<\/em> &#8211; Sub 16<\/p>\n<p><strong>Delanteros:<\/strong><\/p>\n<p><em>Brayan Pe\u00f1a &#8211;<\/em>\u00a0Sub 20<\/p>\n<p><em>Yesid Castiblanco<\/em> &#8211; Sub 16<\/p>\n<p>&nbsp;<\/p>\n<p>\u00abDios, Familia y F\u00fatbol\u00bb<\/p>\n","protected":false},"excerpt":{"rendered":"<p>FELICITACIONES! Son elegidos entre todo el Club como los jugadores de m\u00e1s regularidad dentro de la cancha adem\u00e1s de los valores que promulgan fuera de ella. Jugadores que demostraron en este mes porque el F\u00fatbol es \u00abun estilo de vida\u00bb. No es facil elegir el 11. Es un reconocimiento para los jugadores\u00a0 que ingresaron en [&hellip;]<\/p>\n","protected":false},"author":67,"featured_media":0,"parent":0,"menu_order":0,"comment_status":"closed","ping_status":"closed","template":"page-templates\/page-free.php","meta":{"footnotes":""},"class_list":["post-29","page","type-page","status-publish","hentry"],"_links":{"self":[{"href":"https:\/\/www.futbolclubs.es\/clubdeportivojbo\/wp-json\/wp\/v2\/pages\/29","targetHints":{"allow":["GET"]}}],"collection":[{"href":"https:\/\/www.futbolclubs.es\/clubdeportivojbo\/wp-json\/wp\/v2\/pages"}],"about":[{"href":"https:\/\/www.futbolclubs.es\/clubdeportivojbo\/wp-json\/wp\/v2\/types\/page"}],"author":[{"embeddable":true,"href":"https:\/\/www.futbolclubs.es\/clubdeportivojbo\/wp-json\/wp\/v2\/users\/67"}],"replies":[{"embeddable":true,"href":"https:\/\/www.futbolclubs.es\/clubdeportivojbo\/wp-json\/wp\/v2\/comments?post=29"}],"version-history":[{"count":3,"href":"https:\/\/www.futbolclubs.es\/clubdeportivojbo\/wp-json\/wp\/v2\/pages\/29\/revisions"}],"predecessor-version":[{"id":171,"href":"https:\/\/www.futbolclubs.es\/clubdeportivojbo\/wp-json\/wp\/v2\/pages\/29\/revisions\/171"}],"wp:attachment":[{"href":"https:\/\/www.futbolclubs.es\/clubdeportivojbo\/wp-json\/wp\/v2\/media?parent=29"}],"curies":[{"name":"wp","href":"https:\/\/api.w.org\/{rel}","templated":true}]}}