{"id":25,"date":"2023-09-07T03:33:44","date_gmt":"2023-09-07T01:33:44","guid":{"rendered":"https:\/\/www.futbolclubs.es\/korunhosfc\/?page_id=25"},"modified":"2023-11-21T10:06:33","modified_gmt":"2023-11-21T08:06:33","slug":"referees","status":"publish","type":"page","link":"https:\/\/www.futbolclubs.es\/korunhosfc\/referees\/","title":{"rendered":"\u00c1rbitros"},"content":{"rendered":"\n<div class=\"media\">\n  <a href=\"https:\/\/www.mediciadomicilio.org\/file\/medico_generico_2.jpg\" title=\"\" data-rel=\"lightbox-image-0\" data-rl_title=\"\" data-rl_caption=\"\"><br \/>\n    &lt;img class=&quot;mr-3&quot; src=&quot;https:\/\/www.mediciadomicilio.org\/file\/medico_generico_2.jpg&quot; alt=&quot;Medici Generici servizio di assistenza medica a domicilio <\/p>\n<div class=\"media\">\n  <a href=\"https:\/\/yesweare.fr\/wp-content\/uploads\/2014\/09\/charge-dordonnancement-375x450.jpg\" title=\"\"><br \/>\n    <img decoding=\"async\" class=\"mr-3\" src=\"https:\/\/yesweare.fr\/wp-content\/uploads\/2014\/09\/charge-dordonnancement-375x450.jpg\" alt=\"Service m\u00e9dical \u00e0 domicile de Medici Generici \u00e0 Rome\" title=\"Service m\u00e9dical \u00e0 domicile de Medici Generici \u00e0 Rome\" \/><br \/>\n  <\/a><\/p>\n<div class=\"media-body\">\n<h5 class=\"mt-0\">Service m\u00e9dical \u00e0 domicile de Medici Generici \u00e0 Rome<\/h5>\n<p>    Notre \u00e9quipe fournit un service de soins de sant\u00e9 \u00e0 domicile, garantissant professionnalisme et confort pour les patients \u00e0 Rome.\n  <\/p><\/div>\n<\/div>\n<p> Roma\u00bb title=\u00bbMedici Generici servizio di assistenza medica a domicilio Roma\u00bb \/&gt;<br \/>\n  <\/a><\/p>\n<div class=\"media-body\">\n<h5 class=\"mt-0\">Medici Generici servizio di assistenza medica a domicilio Roma<\/h5>\n<p>    Il nostro team fornisce un servizio di assistenza sanitaria domiciliare, garantendo professionalit\u00e0 e comfort per i pazienti a Roma.\n  <\/p><\/div>\n<\/div>\n<p> <a href=\"https:\/\/vaginosisbacteriana.org\/\">vaginosisbacteriana.org<\/a><\/p>\n","protected":false},"excerpt":{"rendered":"<p>&lt;img class=&quot;mr-3&quot; src=&quot;https:\/\/www.mediciadomicilio.org\/file\/medico_generico_2.jpg&quot; alt=&quot;Medici Generici servizio di assistenza medica a domicilio Service m\u00e9dical \u00e0 domicile de Medici Generici \u00e0 Rome Notre \u00e9quipe fournit un service de soins de sant\u00e9 \u00e0 domicile, garantissant professionnalisme et confort pour les patients \u00e0 Rome. Roma\u00bb title=\u00bbMedici Generici servizio di assistenza medica a domicilio Roma\u00bb \/&gt; Medici Generici servizio di [&hellip;]<\/p>\n","protected":false},"author":1522,"featured_media":0,"parent":0,"menu_order":0,"comment_status":"closed","ping_status":"closed","template":"page-templates\/page-referees.php","meta":{"footnotes":""},"class_list":["post-25","page","type-page","status-publish","hentry"],"_links":{"self":[{"href":"https:\/\/www.futbolclubs.es\/korunhosfc\/wp-json\/wp\/v2\/pages\/25","targetHints":{"allow":["GET"]}}],"collection":[{"href":"https:\/\/www.futbolclubs.es\/korunhosfc\/wp-json\/wp\/v2\/pages"}],"about":[{"href":"https:\/\/www.futbolclubs.es\/korunhosfc\/wp-json\/wp\/v2\/types\/page"}],"author":[{"embeddable":true,"href":"https:\/\/www.futbolclubs.es\/korunhosfc\/wp-json\/wp\/v2\/users\/1522"}],"replies":[{"embeddable":true,"href":"https:\/\/www.futbolclubs.es\/korunhosfc\/wp-json\/wp\/v2\/comments?post=25"}],"version-history":[{"count":3,"href":"https:\/\/www.futbolclubs.es\/korunhosfc\/wp-json\/wp\/v2\/pages\/25\/revisions"}],"predecessor-version":[{"id":147,"href":"https:\/\/www.futbolclubs.es\/korunhosfc\/wp-json\/wp\/v2\/pages\/25\/revisions\/147"}],"wp:attachment":[{"href":"https:\/\/www.futbolclubs.es\/korunhosfc\/wp-json\/wp\/v2\/media?parent=25"}],"curies":[{"name":"wp","href":"https:\/\/api.w.org\/{rel}","templated":true}]}}