{"id":30,"date":"2020-03-07T15:17:04","date_gmt":"2020-03-07T13:17:04","guid":{"rendered":"https:\/\/www.futbolclubs.es\/ujcostaayala\/?page_id=30"},"modified":"2020-03-07T15:17:04","modified_gmt":"2020-03-07T13:17:04","slug":"the-club-3","status":"publish","type":"page","link":"https:\/\/www.futbolclubs.es\/ujcostaayala\/the-club-3\/","title":{"rendered":"Saludo"},"content":{"rendered":"<p>Llega el mes de agosto y desaparecemos todos de oficinas, empresas y lugares de trabajo. La gran mayor\u00eda busca el descanso anual en playas, monta\u00f1as y viajes maravillosos. El f\u00fatbol es diferente, termina la temporada y comienza otra, no da tiempo a pasar la p\u00e1gina, ya que cuando te das cuenta est\u00e1s inmerso en preparar la pretemporada, cuerpo t\u00e9cnico, fichas, que todo est\u00e9 a punto y en orden. U.J COSTA AYALA, un gran club por el que han pasado grandes compa\u00f1eros\u00a0 que han llevado esta marca a lo m\u00e1s alto.<br \/>\nGrandes entrenadores que han dejado toda su profesionalidad en estos banquillos, grandes jugadores que desde el primer minuto entendieron la camiseta que se pon\u00edan y el escudo que representaban . Para lo \u00faltimo quer\u00eda dejar esa afici\u00f3n que acud\u00eda en masa y que llenaba las gradas , sin ellos nada hubiera sido posible.<\/p>\n","protected":false},"excerpt":{"rendered":"<p>Llega el mes de agosto y desaparecemos todos de oficinas, empresas y lugares de trabajo. La gran mayor\u00eda busca el descanso anual en playas, monta\u00f1as y viajes maravillosos. El f\u00fatbol es diferente, termina la temporada y comienza otra, no da tiempo a pasar la p\u00e1gina, ya que cuando te das cuenta est\u00e1s inmerso en preparar [&hellip;]<\/p>\n","protected":false},"author":1340,"featured_media":0,"parent":0,"menu_order":0,"comment_status":"closed","ping_status":"closed","template":"page-templates\/page-free.php","meta":{"footnotes":""},"class_list":["post-30","page","type-page","status-publish","hentry"],"_links":{"self":[{"href":"https:\/\/www.futbolclubs.es\/ujcostaayala\/wp-json\/wp\/v2\/pages\/30","targetHints":{"allow":["GET"]}}],"collection":[{"href":"https:\/\/www.futbolclubs.es\/ujcostaayala\/wp-json\/wp\/v2\/pages"}],"about":[{"href":"https:\/\/www.futbolclubs.es\/ujcostaayala\/wp-json\/wp\/v2\/types\/page"}],"author":[{"embeddable":true,"href":"https:\/\/www.futbolclubs.es\/ujcostaayala\/wp-json\/wp\/v2\/users\/1340"}],"replies":[{"embeddable":true,"href":"https:\/\/www.futbolclubs.es\/ujcostaayala\/wp-json\/wp\/v2\/comments?post=30"}],"version-history":[{"count":2,"href":"https:\/\/www.futbolclubs.es\/ujcostaayala\/wp-json\/wp\/v2\/pages\/30\/revisions"}],"predecessor-version":[{"id":912,"href":"https:\/\/www.futbolclubs.es\/ujcostaayala\/wp-json\/wp\/v2\/pages\/30\/revisions\/912"}],"wp:attachment":[{"href":"https:\/\/www.futbolclubs.es\/ujcostaayala\/wp-json\/wp\/v2\/media?parent=30"}],"curies":[{"name":"wp","href":"https:\/\/api.w.org\/{rel}","templated":true}]}}